{"id":6,"date":"2021-09-29T10:08:10","date_gmt":"2021-09-29T08:08:10","guid":{"rendered":"http:\/\/www.diotconsulting.fr\/?page_id=6"},"modified":"2021-11-06T11:46:29","modified_gmt":"2021-11-06T10:46:29","slug":"a-propos-de","status":"publish","type":"page","link":"https:\/\/www.diotconsulting.fr\/?page_id=6","title":{"rendered":"\u00c0 propos de"},"content":{"rendered":"\n<p>Matthias Diot, apr\u00e8s 16 d&rsquo;exp\u00e9rience dans l&rsquo;expertise comptable, tout type d&rsquo;activit\u00e9, de soci\u00e9t\u00e9 diff\u00e9rentes. La vie de l&rsquo;entreprise dans sa globalit\u00e9, de la cr\u00e9ation des soci\u00e9t\u00e9s, en passant par les pr\u00e9visionnels, l&rsquo;accompagnement aupr\u00e8s des \u00e9tablissements bancaires pour trouver des financements, la cr\u00e9ation de tableaux de bord pour permettre de bien piloter l&rsquo;entreprise, savoir o\u00f9 se situe le seuil de rentabilit\u00e9, pr\u00e9voir la tr\u00e9sorerie, jusqu&rsquo;\u00e0 l&rsquo;accompagnement lors d&rsquo;\u00e9v\u00e8nement plus difficile, conjoncturels souvent, comme les proc\u00e9dures collectives, redressement ou sauvegarde, l&rsquo;organisation intelligente de la transmission, cession d&rsquo;entreprise. <\/p>\n\n\n\n<p>Cette exp\u00e9rience, d&rsquo;une grande richesse, permet aujourd&rsquo;hui de se concentrer uniquement sur les projets, \u00eatre le r\u00e9f\u00e9rent privil\u00e9gi\u00e9 pour les chefs d&rsquo;entreprise qui souhaite se lancer dans une nouvelle aventure. Celle de la vie de chef d&rsquo;entreprise et il est essentiel d&rsquo;\u00eatre bien entour\u00e9, bien conseill\u00e9, avec de tr\u00e8s nombreux collaborateurs dans tous les domaines d&rsquo;expertise afin de r\u00e9pondre \u00e0 la totalit\u00e9 des probl\u00e9matique qui surgiront au fur et \u00e0 mesure de la vie de la soci\u00e9t\u00e9<\/p>\n","protected":false},"excerpt":{"rendered":"<p>Matthias Diot, apr\u00e8s 16 d&rsquo;exp\u00e9rience dans l&rsquo;expertise comptable, tout type d&rsquo;activit\u00e9, de soci\u00e9t\u00e9 diff\u00e9rentes. La vie de l&rsquo;entreprise dans sa globalit\u00e9, de la cr\u00e9ation des soci\u00e9t\u00e9s, en passant par les pr\u00e9visionnels, l&rsquo;accompagnement aupr\u00e8s des \u00e9tablissements bancaires pour trouver des financements, la cr\u00e9ation de tableaux de bord pour permettre de bien piloter l&rsquo;entreprise, savoir o\u00f9 se [&hellip;]<\/p>\n","protected":false},"author":1,"featured_media":0,"parent":0,"menu_order":0,"comment_status":"closed","ping_status":"closed","template":"","meta":{"footnotes":""},"class_list":["post-6","page","type-page","status-publish","hentry"],"_links":{"self":[{"href":"https:\/\/www.diotconsulting.fr\/index.php?rest_route=\/wp\/v2\/pages\/6","targetHints":{"allow":["GET"]}}],"collection":[{"href":"https:\/\/www.diotconsulting.fr\/index.php?rest_route=\/wp\/v2\/pages"}],"about":[{"href":"https:\/\/www.diotconsulting.fr\/index.php?rest_route=\/wp\/v2\/types\/page"}],"author":[{"embeddable":true,"href":"https:\/\/www.diotconsulting.fr\/index.php?rest_route=\/wp\/v2\/users\/1"}],"replies":[{"embeddable":true,"href":"https:\/\/www.diotconsulting.fr\/index.php?rest_route=%2Fwp%2Fv2%2Fcomments&post=6"}],"version-history":[{"count":4,"href":"https:\/\/www.diotconsulting.fr\/index.php?rest_route=\/wp\/v2\/pages\/6\/revisions"}],"predecessor-version":[{"id":76,"href":"https:\/\/www.diotconsulting.fr\/index.php?rest_route=\/wp\/v2\/pages\/6\/revisions\/76"}],"wp:attachment":[{"href":"https:\/\/www.diotconsulting.fr\/index.php?rest_route=%2Fwp%2Fv2%2Fmedia&parent=6"}],"curies":[{"name":"wp","href":"https:\/\/api.w.org\/{rel}","templated":true}]}}